t b be 6*2/(-16)*-4. Let x(l) = b*l**2 - 6*l - 6*l**2 + 2*l**2 + 2*l**2 - 7. Determine x(7).
0
Suppose p - 5*f = 6, 0 = 3*p - 3*f + 4*f + 14. Let j(h) = h**2 + 3*h + 4. Calculate j(p).
8
Let o(p) = 5*p + 9 - 8 + 0*p + p**2. Give o(-5).
1
Let l(w) = -w**3 - 6*w**2 - 6*w - 3. Let r be l(-5). Let v = 3 - -1. Let d(b) = -8 - b**2 + 8 + v*b. What is d(r)?
4
Let g = 3071/1320 + -51/22. Let x(u) be the third derivative of 3*u**2 + 1/60*u**5 - 1/24*u**4 + 0 - g*u**6 + 0*u**3 + 0*u. Give x(2).
-6
Let r(o) = -5*o**3 - 7*o**2 + o. Let f(g) = g**3 + g**2 - 1. Suppose 0*d - d - 1 = 0. Let u(x) = d*r(x) - 6*f(x). Calculate u(0).
6
Let m = 23 - 15. Suppose m = 3*a - a. Let l(p) = -7*p + 3*p - p**2 - 2 - p - a. What is l(-4)?
-2
Let c(d) be the third derivative of -d**6/360 - d**5/24 - d**4/4 - d**3 + 6*d**2. Let g(o) be the first derivative of c(o). Determine g(-6).
-12
Suppose 3*c = -h + 11 - 2, 0 = 5*c - h - 7. Let t(j) = 5*j - j**3 + 0*j**2 - 3*j**2 + 3 - 4*j**c + 3*j**2. Give t(-5).
3
Suppose -112 + 117 = -5*h. Let z(o) = -2*o - 1. Give z(h).
1
Suppose -3*h + s = 2*s - 13, h + 5 = 2*s. Let q(p) = h + 6 + p - 3. What is q(0)?
6
Let s(b) = b**2 + 5*b - 1. Let u be s(-6). Let f(i) = i - i - i**2 - u*i. Calculate f(-4).
4
Suppose 2*s + 12 = -4*z - s, -2*s = 5*z + 8. Let j(l) = z - 13*l + 12*l - 7. What is j(0)?
-7
Let w(p) be the first derivative of p**2/2 - 6*p + 1. Suppose 0 = -5*b + 12 + 18. Calculate w(b).
0
Let g(i) = 94*i + 5 - 94*i + i**2. Determine g(0).
5
Let b(v) = -v**2 - 4*v + 5. Let g(c) = 2*c**2 - c. Let l(f) = -f**2 - 1. Let q(x) = 2*g(x) + 3*l(x). Let j be q(-2). Let z be (-25)/4 + j/20. Calculate b(z).
-7
Let h(n) = n**2 + 7*n + 7. Let c be h(-5). Let t(z) = z**2 + 3*z - 3. What is t(c)?
-3
Let b(t) = 2*t**2 + 3*t - 4. Let w be b(-3). Suppose -w*c + 9 = -6. Let z(m) = -3*m - m - 7 + 4*m + c*m. Calculate z(5).
8
Let q(m) be the first derivative of -m**3 + 1/2*m**2 - 1 + m. Give q(-1).
-3
Suppose 3*z = -4*v + 1, -2*z + 16 = -5*v - 0. Let f(n) = -2*n**2 + 4*n - 2. Let x(c) = c**2 - 3*c + 2. Let w(k) = 2*f(k) + 3*x(k). Calculate w(v).
0
Let n be (2/(-3))/((-2)/(-12)). Let l(r) = 2*r - 319 - 313 + 634. Calculate l(n).
-6
Let z = -6 - -4. Let p = 4 + z. Let v(g) = -g**3 + 2*g**2 - g - 2. Give v(p).
-4
Let p(k) = -6*k**2 - 7*k + 1. Let d(m) be the first derivative of -7*m**3/3 - 7*m**2/2 + 2*m + 6. Let u(n) = -5*d(n) + 6*p(n). Determine u(-6).
2
Let a(b) = b**2 - 4*b - 1. Let j be 2 + -2 - 1 - -3. Suppose -j*u + 10 = -i, 0*u = 3*u - 3*i - 18. What is a(u)?
-1
Let a(i) be the third derivative of 7*i**6/120 + i**3/6 + 3*i**2. Give a(-1).
-6
Let z(j) = -4*j**2 + 8*j - 6. Let l(h) = 3*h**2 - 7*h + 5. Let s(x) = 5*l(x) + 4*z(x). Give s(-3).
1
Let v(w) = -w + 2. Let o = 2 + 2. Suppose o*y = 4*t + 20, 0*y + y + 7 = -3*t. Determine v(y).
0
Let v(y) = y + 0*y + 1 - 1. Let q be (8/(-6))/(4/(-30)). Suppose q = -5*p + 3*n + n, 4*p + 2*n + 8 = 0. What is v(p)?
-2
Let k(o) = o**3 - o**2 - o + 1. Let g(r) = 7*r**3 - 10*r**2 - 7*r + 8. Let n(p) = g(p) - 6*k(p). Let w = 4 - 0. Suppose -2*l = -w*l + 8. Calculate n(l).
-2
Let c = 5 - 1. Suppose c*z = -10 + 30. Suppose -9 = z*m + 1. Let l(x) = x**2 - 2*x. Give l(m).
8
Let r(b) = b**3 + 3*b**2 - 3*b. Let a be r(-4). Let h be (2/a)/(4/24). Let t(u) = 2*u - 3. Give t(h).
-9
Let z = 6 + -9. Let f(c) be the second derivative of -c**5/20 - c**4/4 + c**3/6 - c**2 + 2*c. Determine f(z).
-5
Let l(w) = 2 - 5 + 4 + 4*w**2 + w. Determine l(-1).
4
Let k(n) be the second derivative of 0 - 1/2*n**2 + 3*n - 1/2*n**3. Determine k(-2).
5
Let x(i) be the first derivative of -3*i**2/2 + 3*i + 3. Let p be -1*1/((-2)/6). Determine x(p).
-6
Let a = 9 + -7. Let n(m) = m - 3*m**a - 3 + 5 + 2*m**2. Determine n(4).
-10
Let s = 8 + -8. Let n be (2 - s)*2/4. Let f be -3 - (n - 3)*-1. Let q(g) = g**2 + 4*g - 4. What is q(f)?
1
Let c = 2 + -1. Let x(d) = -d**2 - 7*d - 7. Let h be x(-5). Let z(w) = -h + w**2 + w**2 + 0*w + c + 2*w. Calculate z(-2).
2
Let q(h) = h**3 - 4*h**2. Let r = 14 - 10. Let l = 0 + r. Calculate q(l).
0
Let q(i) = -3*i**3 - i. Let y(o) = 4*o**3 + 2*o**2 - 2*o + 1. Let s be y(1). Suppose 9*n - 4*n + s = 0. Determine q(n).
4
Let b be 4/7 - (-12)/(-21). Let v(h) = 7*h + 4. Let c(o) = o. Let n(d) = 6*c(d) - v(d). What is n(b)?
-4
Suppose -4*c = 3*m - 0*c + 3, 0 = 2*m - 3*c + 19. Let s(i) be the third derivative of i**6/120 + i**5/12 + i**4/12 + 5*i**3/6 - i**2. Give s(m).
-5
Let i(s) be the second derivative of 5*s**3/3 + 9*s**2/2 + 3*s. Let j(w) = 5*w + 5. Let y(q) = 4*i(q) - 7*j(q). Suppose 4*g = -14 + 6. Give y(g).
-9
Let j(i) = i - 1. Let a(h) be the first derivative of -h**4/4 + 5*h**3/3 + 4*h - 1. Let w be a(5). Suppose 3*v - 3*l - 6 = 3, -w*v - 5*l = -12. Give j(v).
2
Suppose 5*x - 121 + 131 = 0. Let l(r) = 3*r**2 + 2*r - 2. Determine l(x).
6
Let l(f) = f**3 + f**2 - f + 1. Let g(u) = 7*u**2 + u - 6. Let z(a) = g(a) - l(a). What is z(6)?
5
Let h(l) = -2*l - 14. Let b be h(-6). Let k(m) = -m**3 - 2*m**2 - 3*m - 1. What is k(b)?
5
Let j(p) be the first derivative of -5*p**4/2 + p**2 + p - 4. Give j(-1).
9
Let y(x) be the second derivative of 4/3*x**3 + 0 + 3/2*x**2 + 3*x. Determine y(-2).
-13
Let i(o) = -o**2 + o + 4. Let h be i(-2). Let v(l) = -2*l**3 - 4*l**2 - 3*l - 1. What is v(h)?
5
Let o(i) = -i**3 - 9*i**2 - 7*i + 6. Let a be o(-8). Let n(u) = 5*u + 2. Calculate n(a).
-8
Let x(y) = -5*y**3 + 2*y**2 - 3. Let z(i) = -6*i**3 + 2*i**2 - i - 3. Let t(d) = -4*x(d) + 3*z(d). What is t(2)?
5
Let j be 4*(-3 + 76/16). Let v(l) = -l + 4. What is v(j)?
-3
Let m = 17 - 13. Let y(d) = -d**3 + 4*d**2 + 3*d + 2. Determine y(m).
14
Suppose -6*t = -7*t - 8. Let d be (-4)/(-16) - (-26)/t. Let b(h) = 2*h + 1. Give b(d).
-5
Let i(l) be the first derivative of 7/2*l**2 + 5/3*l**3 - 1/4*l**4 - 3*l + 2. Let m be i(6). Let a(y) = -y**3 + 3*y**2 + 2*y. Give a(m).
6
Let s be ((-15)/9)/5*3*-2. Let c(i) = 2*i**2 + 2. Give c(s).
10
Let y(d) = d**2 + 4*d + 3. Suppose -3*r + 2*k = 24, 2*k + 2 = -2*r - 14. Let a = -12 - r. Calculate y(a).
3
Let k(v) = -28*v - 28*v - v**2 + 55*v - v**3. Calculate k(-2).
6
Let b(s) be the third derivative of -s**6/120 - s**5/60 + s**4/24 + s**3 + s**2. Let x(i) = i**2 - 6*i + 2. Let o be x(5). Let l = 3 + o. What is b(l)?
6
Let x(p) be the second derivative of 0 - 1/3*p**4 + 1/2*p**2 + 5*p + 0*p**3. What is x(1)?
-3
Let t(f) = f**3 - 2*f. Let p(a) = -6*a**3 + 6*a**2 + 20*a - 7. Let x(w) = p(w) + 5*t(w). What is x(7)?
14
Let g(h) = -h. Let x be g(1). Let w = 1 + 0. Let m(t) = -w + 2*t + t**2 - 2*t. Give m(x).
0
Suppose 0 = -5*o - 3*i, -3*i + 0*i = 3*o + 6. Let n(l) = -o*l - l**2 + 0*l**2 - 9 + 11*l. Calculate n(6).
3
Let p(a) = 1 + 2*a**2 - 2*a + 0*a**2 - a**2. Suppose q + 4 - 29 = -5*m, 5*q = -25. Suppose -3 + m = x. Give p(x).
4
Let y(z) be the second derivative of 1/4*z**4 + 2*z + 1/2*z**2 + 0 + 1/3*z**3. Give y(-1).
2
Let o(r) = -r**3 + 5*r**2 + 6*r + 8. Suppose 4*s = -5*a + 59, 3*a - 35 = -2*s - 0*s. Let x = 17 - a. Determine o(x).
8
Suppose 4*z = -1 - 7. Let i = 0 - z. Let r be 1 - (i + -2 - 0). Let d(w) = -4*w - 1. What is d(r)?
-5
Let h(w) be the first derivative of 3*w**2/2 + 3*w - 40. Let q(b) = -4*b. Let z be q(1). Give h(z).
-9
Let p(b) = 2*b. Let c = 1 + -3. Let w be c/9 + (-188)/(-36). Let u(k) = k**3 - 5*k**2 + k - 3. Let i be u(w). Determine p(i).
4
Suppose -2*h - 10 = 0, 0*x + 2*h = -x - 12. Let o(q) = -2*q**2 + q. Let z(m) = -m**2 + m. Let y(n) = o(n) - 3*z(n). Calculate y(x).
8
Let h(w) = -3*w**2 + 7*w - 3. Let g(b) = -5*b**2 + 8*b - 4. Let x(i) = -2*g(i) + 3*h(i). Calculate x(-5).
-1
Suppose -6*o = 9 - 39. Suppose -d = -2*s - 14, -s = -5*d + 45 - 2. Let k = d - o. Let f(l) = -3*l. Determine f(k).
-9
Let b(r) = -3*r + 19. Let y(j) be the third derivative of j**4/24 - 3*j**3/2 - j**2. Let a(l) = -2*b(l) - 5*y(l). Calculate a(-5).
2
Let c(t) = 3*t**2 - t - 2. Suppose -7*v + 8 = -3*v. Calculate c(v).
8
Let u be (3/(-9))/((-2)/6). Suppose 0 = 2*b - l + 2, -l = 4*b + 5 - u. Let k(i) = -5*i. Let r(m) = m. Let f(h) = 2*k(h) + 6*r(h). Determine f(b).
4
Let m(l) be the third derivative of -l**5/60 + l**4/6 + l**3/3 + 2*l**2. Let b(k) be the first derivative of m(k). Let t = 32 - 27. Give b(t).
-6
Let o(r) be the third derivative of r**6/720 + r**5/120 + r**4/24 + 2*r**2. Let w(k) be the second derivative of